{"id":3,"date":"2019-06-04T13:45:33","date_gmt":"2019-06-04T11:45:33","guid":{"rendered":"https:\/\/aximod.fr\/?page_id=3"},"modified":"2026-05-06T10:47:08","modified_gmt":"2026-05-06T08:47:08","slug":"mentions-legales","status":"publish","type":"page","link":"https:\/\/aximod.fr\/index.php\/mentions-legales\/","title":{"rendered":"Mentions l\u00e9gales"},"content":{"rendered":"\n<h4 class=\"wp-block-heading\"><\/h4>\n\n\n\n<p>Les pr\u00e9sentes Mentions L\u00e9gales ont pour objet de d\u00e9finir les modalit\u00e9s  d&rsquo;acc\u00e8s et d&rsquo;utilisation du site (ci-apr\u00e8s le \u00ab Site \u00bb)  propos\u00e9 aux internautes par la SAS AXIMOD.   Les informations contenues dans ce Site sont uniquement destin\u00e9es \u00e0  informer les internautes sur l&rsquo;entreprise, ses activit\u00e9s, ses produits  et prestations. <\/p>\n\n\n\n<p> <br> Le propri\u00e9taire du pr\u00e9sent Site est :<\/p>\n\n\n\n<p>SAS AXIMOD -Zone Industrielle de Bernichon &#8211; 2 chemin du Grand Estey &#8211; 33360 LATRESNE<br>T\u00e9l : 05 57 49 85 10 <br>Email : contact@aximod.fr <br><br>SAS au capital social de 50 000,00 \u20ac <br>R.C.S. Bordeaux 851 618 991  \/ APE 5210B<br>TVA FR 78&nbsp;851&nbsp;618 991 <br><br> Responsable de la publication : David MAZIERE  <br><br>H\u00e9bergement du site : OVH <br>SAS au capital de 10 069 020 \u20ac<br>RCS Lille M\u00e9tropole 424 761 419 00045<br>Code APE 2620Z<br>N\u00b0 TVA : FR 22 424 761 419<br>Si\u00e8ge social : 2 rue Kellermann &#8211; 59100 Roubaix &#8211; France   <br><br>Conditions g\u00e9n\u00e9rales d\u2019utilisation du site : <br>L\u2019utilisation du site implique l\u2019acceptation pleine et enti\u00e8re des  conditions g\u00e9n\u00e9rales d\u2019utilisation d\u00e9crites ci-apr\u00e8s.  Ces conditions d\u2019utilisation sont susceptibles d\u2019\u00eatre modifi\u00e9es ou  compl\u00e9t\u00e9es \u00e0 tout moment, sans pr\u00e9avis, aussi les utilisateurs du site  sont invit\u00e9s  \u00e0 les consulter de mani\u00e8re r\u00e9guli\u00e8re. En utilisant ce Site l&rsquo;internaute, reconna\u00eet avoir eu la possibilit\u00e9 de  prendre connaissance de ses conditions d&rsquo;utilisation au travers des  pr\u00e9sentes  Mentions l\u00e9gales. En cons\u00e9quence, l&rsquo;acc\u00e8s et l&rsquo;utilisation du pr\u00e9sent site emportent de plein droit l&rsquo;application des pr\u00e9sentes.  La SAS AXIMOD s&rsquo;efforce d&rsquo;assurer au mieux de ses possibilit\u00e9s,  l&rsquo;exactitude et la mise \u00e0 jour des informations diffus\u00e9es sur ce site,  dont elle se r\u00e9serve le droit de corriger, \u00e0 tout moment et sans  pr\u00e9avis, le contenu. Toutefois, la SAS AXIMOD  ne peut garantir  l&rsquo;exactitude,  la pr\u00e9cision ou l&rsquo;exhaustivit\u00e9 des informations mises \u00e0 la disposition sur ce site.  <br> En cons\u00e9quence, la SAS AXIMOD d\u00e9cline toute responsabilit\u00e9 en cas d&rsquo;interruption du site, bugs ou dommages r\u00e9sultant d&rsquo;une intrusion frauduleuse d&rsquo;un tiers ayant entra\u00een\u00e9 une modification des informations mises \u00e0 la disposition sur le site <br>De fa\u00e7on plus g\u00e9n\u00e9rale, pour tous dommages, direct ou indirect, qu&rsquo;elles qu&rsquo;en soient les causes, origines, natures ou cons\u00e9quences,  provoqu\u00e9s \u00e0 raison de l&rsquo;acc\u00e8s de quiconque au Site ou de l&rsquo;impossibilit\u00e9  d&rsquo;y acc\u00e9der, de m\u00eame que l&rsquo;utilisation du Site et\/ou du cr\u00e9dit accord\u00e9 \u00e0  une quelconque  information provenant directement ou indirectement de ce dernier. <\/p>\n\n\n\n<p>La SAS AXIMOD n&rsquo;assume aucune responsabilit\u00e9 pour les  dommages qui pourraient \u00eatre caus\u00e9s au mat\u00e9riel informatique de l&rsquo;internaute  suite \u00e0 son acc\u00e8s au pr\u00e9sent site, utilisation ou t\u00e9l\u00e9chargement d&rsquo;un quelconque de ses \u00e9l\u00e9ments (donn\u00e9es, textes, images, vid\u00e9os, sons\u2026). La SAS AXIMOD ne saurait \u00eatre tenue pour responsable du retard, de la  perte ou de la mauvaise distribution d&rsquo;un e-mail, ni de son envoi ou non \u00e0 une  adresse \u00e9lectronique erron\u00e9e depuis le pr\u00e9sent site. <br><br>Droit d&rsquo;auteur\/ Propri\u00e9t\u00e9 intellectuelle  <br>L&rsquo;int\u00e9gralit\u00e9 de ce site appartient \u00e0 la SAS AXIMOD.  Conform\u00e9ment aux dispositions du code de la propri\u00e9t\u00e9 intellectuelle  tous les \u00e9l\u00e9ments  pr\u00e9sents sur le site (images, logos, commentaires, marques, etc) sont la  propri\u00e9t\u00e9 de leurs auteurs et\/ou titulaires respectifs pendant la dur\u00e9e  l\u00e9gale  de protection. Tous les droits de reproduction sont r\u00e9serv\u00e9s, y compris  pour les documents t\u00e9l\u00e9chargeables et les repr\u00e9sentations  iconographiques et  photographiques. Toute repr\u00e9sentation ou reproduction int\u00e9grale ou  partielle de cette \u0153uvre fait par quelque proc\u00e9d\u00e9 que ce soit sans le  consentement  de l&rsquo;\u00e9diteur ou les ayants droits est illicite et constitue une  contrefa\u00e7on engageant la responsabilit\u00e9 civile et p\u00e9nale de son auteur.  Seule est autoris\u00e9e la repr\u00e9sentation ou reproduction int\u00e9grale ou partielle dans le strict cadre d&rsquo;un usage priv\u00e9. <br><br> Cr\u00e9dits photos : SAS AXIMOD <br>Les dessins et photos sont non contractuels.   <br><\/p>\n\n\n\n<p>Protection des donn\u00e9es personnelles   <br>Les informations recueillies sur ce site sont strictement  confidentielles et conserv\u00e9es \u00e0 des fins de gestion de nos relations  commerciales, de prospection et de statistiques. Le fait de transmettre des informations personnelles sur le site entra\u00eene acceptation de la collecte de ces informations. <br>Aucune information personnelle n&rsquo;est collect\u00e9e \u00e0 votre insu. <br>Aucune information personnelle n&rsquo;est c\u00e9d\u00e9e \u00e0 des tiers. <\/p>\n\n\n\n<p>Conform\u00e9ment \u00e0 la loi \u00ab\u00a0Informatique et Libert\u00e9s\u00a0\u00bb du 6 janvier 1978, vous disposez d&rsquo;un droit d&rsquo;acc\u00e8s, de modification, de rectification et de suppression des donn\u00e9es vous concernant. <br>Toute demande peut \u00eatre adress\u00e9e \u00e0 : <br><a href=\"http:\/\/www.aximod.fr\">SAS AXIMOD<\/a><br>Zone Industrielle de Bernichon \/ 2 chemin du Grand Estey  <br>33360 LATRESNE<\/p>\n\n\n\n<p> ou par mail \u00e0 : contact@aximod.fr  <\/p>\n\n\n\n<p> Cookies <br>Lors de votre visite sur notre Site, des Cookies, sont d\u00e9pos\u00e9s sur votre  terminal (ordinateur, tablette, etc.).  Un Cookie est un petit fichier texte, d\u00e9pos\u00e9 sur votre terminal lors de  la visite d\u2019un site ou bien de la consultation d\u2019une publicit\u00e9.  Un Cookie ne peut pas endommager le terminal que vous utilisez. Un Cookie a pour but de collecter des informations relatives \u00e0 votre navigation sur les sites.  Seul l\u2019\u00e9metteur d&rsquo;un Cookie est susceptible de lire ou de modifier des informations qui y sont contenues. Les Cookies ne sont en aucun cas destin\u00e9s \u00e0 collecter frauduleusement des donn\u00e9es personnelles. Les Cookies ne nous permettent pas de vous identifier personnellement. <\/p>\n\n\n\n<p> Cookies de la SAS AXIMOD : <br>Nous utilisons diff\u00e9rents types de Cookies car ils ont des finalit\u00e9s diff\u00e9rentes. <br>&#8211; Des Cookies indispensables au bon fonctionnement du Site <br>&#8211; Des Cookies analytiques : ces Cookies servent \u00e0 recueillir anonymement des donn\u00e9es de trafic afin de comprendre comment vous parcourez notre site web en mesurant les pages les plus souvent consult\u00e9es, le nombre de pages  vues, le nombre de visites ainsi que l\u2019activit\u00e9 des visiteurs sur notre  site,  leur fr\u00e9quence de retour. Ils ont pour but d&rsquo;am\u00e9liorer le fonctionnement de notre Site. <\/p>\n\n\n\n<p>Comment accepter ou refuser les Cookies ? <br>Vous pouvez \u00e0 tout moment choisir de d\u00e9sactiver l\u2019enregistrement des Cookies en configurant votre navigateur. <\/p>\n\n\n\n<p>Nous vous rappelons qu\u2019en d\u00e9sactivant les Cookies, votre navigation sur  notre Site peut \u00eatre d\u00e9grad\u00e9e et nous vous recommandons de param\u00e9trer  votre navigateur en tenant compte de leur finalit\u00e9. <\/p>\n\n\n\n<p>\nLa configuration de chaque navigateur est diff\u00e9rente, vous pouvez la retrouver dans le menu d&rsquo;aide de votre navigateur. \n<\/p>\n\n\n\n<p>\nPour en savoir plus sur les Cookies, vous pouvez vous connecter au lien \nsuivant : http:\/\/www.cnil.fr\/vos-libertes\/vos-traces\/les-cookies\n<\/p>\n\n\n\n<p> Droit applicable <br>Les pr\u00e9sentes Conditions G\u00e9n\u00e9rales d&rsquo;utilisation sont soumises au droit fran\u00e7ais. <br>Tout conflit relatif \u00e0 l\u2019utilisation de ce site sera soumis \u00e0 la comp\u00e9tence exclusive des tribunaux de Bordeaux.   <\/p>\n\n\n<div class=\"wp-block-image\">\n<figure class=\"aligncenter size-thumbnail\"><a href=\"https:\/\/aximod.fr\/index.php\/mentions-legales\/\"><img loading=\"lazy\" decoding=\"async\" width=\"150\" height=\"150\" src=\"https:\/\/aximod.fr\/wp-content\/uploads\/2019\/12\/mentions-legales-150x150.jpg\" alt=\"\" class=\"wp-image-464\" srcset=\"https:\/\/aximod.fr\/wp-content\/uploads\/2019\/12\/mentions-legales-150x150.jpg 150w, https:\/\/aximod.fr\/wp-content\/uploads\/2019\/12\/mentions-legales.jpg 225w\" sizes=\"auto, (max-width: 150px) 100vw, 150px\" \/><\/a><\/figure>\n<\/div>\n\n\n<p> <br><\/p>\n","protected":false},"excerpt":{"rendered":"<p>Les pr\u00e9sentes Mentions L\u00e9gales ont pour objet de d\u00e9finir les modalit\u00e9s d&rsquo;acc\u00e8s et d&rsquo;utilisation du site (ci-apr\u00e8s le \u00ab Site \u00bb) propos\u00e9 aux internautes par la SAS AXIMOD. Les informations contenues dans ce Site sont uniquement destin\u00e9es \u00e0 informer les internautes sur l&rsquo;entreprise, ses activit\u00e9s, ses produits et prestations. Le [&hellip;]<\/p>\n","protected":false},"author":1,"featured_media":0,"parent":0,"menu_order":0,"comment_status":"closed","ping_status":"open","template":"","meta":{"_monsterinsights_skip_tracking":false,"_monsterinsights_sitenote_active":false,"_monsterinsights_sitenote_note":"","_monsterinsights_sitenote_category":0,"footnotes":""},"class_list":["post-3","page","type-page","status-publish","hentry"],"yoast_head":"<!-- This site is optimized with the Yoast SEO plugin v27.6 - https:\/\/yoast.com\/product\/yoast-seo-wordpress\/ -->\n<title>Mentions l\u00e9gales AXIMOD AXIMOD Mentions l\u00e9gales<\/title>\n<meta name=\"description\" content=\"Les pr\u00e9sentes Conditions G\u00e9n\u00e9rales d&#039;utilisation sont soumises au droit fran\u00e7ais. Tout conflit relatif \u00e0 l\u2019utilisation de ce site sera soumis \u00e0 la comp\u00e9tence exclusive des tribunaux de Bordeaux. SAS AXIMOD 42 RUE DE TAUZIA 33800 Bordeaux mail \u00e0 : contact@aximod.fr\" \/>\n<meta name=\"robots\" content=\"index, follow, max-snippet:-1, max-image-preview:large, max-video-preview:-1\" \/>\n<link rel=\"canonical\" href=\"https:\/\/aximod.fr\/index.php\/mentions-legales\/\" \/>\n<meta property=\"og:locale\" content=\"fr_FR\" \/>\n<meta property=\"og:type\" content=\"article\" \/>\n<meta property=\"og:title\" content=\"Mentions l\u00e9gales AXIMOD AXIMOD Mentions l\u00e9gales\" \/>\n<meta property=\"og:description\" content=\"Les pr\u00e9sentes Conditions G\u00e9n\u00e9rales d&#039;utilisation sont soumises au droit fran\u00e7ais. Tout conflit relatif \u00e0 l\u2019utilisation de ce site sera soumis \u00e0 la comp\u00e9tence exclusive des tribunaux de Bordeaux. SAS AXIMOD 42 RUE DE TAUZIA 33800 Bordeaux mail \u00e0 : contact@aximod.fr\" \/>\n<meta property=\"og:url\" content=\"https:\/\/aximod.fr\/index.php\/mentions-legales\/\" \/>\n<meta property=\"og:site_name\" content=\"AXIMOD\" \/>\n<meta property=\"article:modified_time\" content=\"2026-05-06T08:47:08+00:00\" \/>\n<meta property=\"og:image\" content=\"https:\/\/aximod.fr\/wp-content\/uploads\/2019\/12\/mentions-legales.jpg\" \/>\n\t<meta property=\"og:image:width\" content=\"225\" \/>\n\t<meta property=\"og:image:height\" content=\"225\" \/>\n\t<meta property=\"og:image:type\" content=\"image\/jpeg\" \/>\n<meta name=\"twitter:card\" content=\"summary_large_image\" \/>\n<meta name=\"twitter:label1\" content=\"Dur\u00e9e de lecture estim\u00e9e\" \/>\n\t<meta name=\"twitter:data1\" content=\"6 minutes\" \/>\n<script type=\"application\/ld+json\" class=\"yoast-schema-graph\">{\"@context\":\"https:\\\/\\\/schema.org\",\"@graph\":[{\"@type\":\"WebPage\",\"@id\":\"https:\\\/\\\/aximod.fr\\\/index.php\\\/mentions-legales\\\/\",\"url\":\"https:\\\/\\\/aximod.fr\\\/index.php\\\/mentions-legales\\\/\",\"name\":\"Mentions l\u00e9gales AXIMOD AXIMOD Mentions l\u00e9gales\",\"isPartOf\":{\"@id\":\"https:\\\/\\\/aximod.fr\\\/#website\"},\"primaryImageOfPage\":{\"@id\":\"https:\\\/\\\/aximod.fr\\\/index.php\\\/mentions-legales\\\/#primaryimage\"},\"image\":{\"@id\":\"https:\\\/\\\/aximod.fr\\\/index.php\\\/mentions-legales\\\/#primaryimage\"},\"thumbnailUrl\":\"https:\\\/\\\/aximod.fr\\\/wp-content\\\/uploads\\\/2019\\\/12\\\/mentions-legales-150x150.jpg\",\"datePublished\":\"2019-06-04T11:45:33+00:00\",\"dateModified\":\"2026-05-06T08:47:08+00:00\",\"description\":\"Les pr\u00e9sentes Conditions G\u00e9n\u00e9rales d'utilisation sont soumises au droit fran\u00e7ais. Tout conflit relatif \u00e0 l\u2019utilisation de ce site sera soumis \u00e0 la comp\u00e9tence exclusive des tribunaux de Bordeaux. SAS AXIMOD 42 RUE DE TAUZIA 33800 Bordeaux mail \u00e0 : contact@aximod.fr\",\"breadcrumb\":{\"@id\":\"https:\\\/\\\/aximod.fr\\\/index.php\\\/mentions-legales\\\/#breadcrumb\"},\"inLanguage\":\"fr-FR\",\"potentialAction\":[{\"@type\":\"ReadAction\",\"target\":[\"https:\\\/\\\/aximod.fr\\\/index.php\\\/mentions-legales\\\/\"]}]},{\"@type\":\"ImageObject\",\"inLanguage\":\"fr-FR\",\"@id\":\"https:\\\/\\\/aximod.fr\\\/index.php\\\/mentions-legales\\\/#primaryimage\",\"url\":\"https:\\\/\\\/aximod.fr\\\/wp-content\\\/uploads\\\/2019\\\/12\\\/mentions-legales.jpg\",\"contentUrl\":\"https:\\\/\\\/aximod.fr\\\/wp-content\\\/uploads\\\/2019\\\/12\\\/mentions-legales.jpg\",\"width\":225,\"height\":225},{\"@type\":\"BreadcrumbList\",\"@id\":\"https:\\\/\\\/aximod.fr\\\/index.php\\\/mentions-legales\\\/#breadcrumb\",\"itemListElement\":[{\"@type\":\"ListItem\",\"position\":1,\"name\":\"Accueil\",\"item\":\"https:\\\/\\\/aximod.fr\\\/\"},{\"@type\":\"ListItem\",\"position\":2,\"name\":\"Mentions l\u00e9gales\"}]},{\"@type\":\"WebSite\",\"@id\":\"https:\\\/\\\/aximod.fr\\\/#website\",\"url\":\"https:\\\/\\\/aximod.fr\\\/\",\"name\":\"AXIMOD.FR\",\"description\":\"Location Vente Maintenance Solutions Modulaires Gironde\",\"publisher\":{\"@id\":\"https:\\\/\\\/aximod.fr\\\/#organization\"},\"potentialAction\":[{\"@type\":\"SearchAction\",\"target\":{\"@type\":\"EntryPoint\",\"urlTemplate\":\"https:\\\/\\\/aximod.fr\\\/?s={search_term_string}\"},\"query-input\":{\"@type\":\"PropertyValueSpecification\",\"valueRequired\":true,\"valueName\":\"search_term_string\"}}],\"inLanguage\":\"fr-FR\"},{\"@type\":\"Organization\",\"@id\":\"https:\\\/\\\/aximod.fr\\\/#organization\",\"name\":\"AXIMOD\",\"url\":\"https:\\\/\\\/aximod.fr\\\/\",\"logo\":{\"@type\":\"ImageObject\",\"inLanguage\":\"fr-FR\",\"@id\":\"https:\\\/\\\/aximod.fr\\\/#\\\/schema\\\/logo\\\/image\\\/\",\"url\":\"https:\\\/\\\/aximod.fr\\\/wp-content\\\/uploads\\\/2019\\\/07\\\/AXIMOD-2.jpg\",\"contentUrl\":\"https:\\\/\\\/aximod.fr\\\/wp-content\\\/uploads\\\/2019\\\/07\\\/AXIMOD-2.jpg\",\"width\":716,\"height\":634,\"caption\":\"AXIMOD\"},\"image\":{\"@id\":\"https:\\\/\\\/aximod.fr\\\/#\\\/schema\\\/logo\\\/image\\\/\"}}]}<\/script>\n<!-- \/ Yoast SEO plugin. -->","yoast_head_json":{"title":"Mentions l\u00e9gales AXIMOD AXIMOD Mentions l\u00e9gales","description":"Les pr\u00e9sentes Conditions G\u00e9n\u00e9rales d'utilisation sont soumises au droit fran\u00e7ais. Tout conflit relatif \u00e0 l\u2019utilisation de ce site sera soumis \u00e0 la comp\u00e9tence exclusive des tribunaux de Bordeaux. SAS AXIMOD 42 RUE DE TAUZIA 33800 Bordeaux mail \u00e0 : contact@aximod.fr","robots":{"index":"index","follow":"follow","max-snippet":"max-snippet:-1","max-image-preview":"max-image-preview:large","max-video-preview":"max-video-preview:-1"},"canonical":"https:\/\/aximod.fr\/index.php\/mentions-legales\/","og_locale":"fr_FR","og_type":"article","og_title":"Mentions l\u00e9gales AXIMOD AXIMOD Mentions l\u00e9gales","og_description":"Les pr\u00e9sentes Conditions G\u00e9n\u00e9rales d'utilisation sont soumises au droit fran\u00e7ais. Tout conflit relatif \u00e0 l\u2019utilisation de ce site sera soumis \u00e0 la comp\u00e9tence exclusive des tribunaux de Bordeaux. SAS AXIMOD 42 RUE DE TAUZIA 33800 Bordeaux mail \u00e0 : contact@aximod.fr","og_url":"https:\/\/aximod.fr\/index.php\/mentions-legales\/","og_site_name":"AXIMOD","article_modified_time":"2026-05-06T08:47:08+00:00","og_image":[{"width":225,"height":225,"url":"https:\/\/aximod.fr\/wp-content\/uploads\/2019\/12\/mentions-legales.jpg","type":"image\/jpeg"}],"twitter_card":"summary_large_image","twitter_misc":{"Dur\u00e9e de lecture estim\u00e9e":"6 minutes"},"schema":{"@context":"https:\/\/schema.org","@graph":[{"@type":"WebPage","@id":"https:\/\/aximod.fr\/index.php\/mentions-legales\/","url":"https:\/\/aximod.fr\/index.php\/mentions-legales\/","name":"Mentions l\u00e9gales AXIMOD AXIMOD Mentions l\u00e9gales","isPartOf":{"@id":"https:\/\/aximod.fr\/#website"},"primaryImageOfPage":{"@id":"https:\/\/aximod.fr\/index.php\/mentions-legales\/#primaryimage"},"image":{"@id":"https:\/\/aximod.fr\/index.php\/mentions-legales\/#primaryimage"},"thumbnailUrl":"https:\/\/aximod.fr\/wp-content\/uploads\/2019\/12\/mentions-legales-150x150.jpg","datePublished":"2019-06-04T11:45:33+00:00","dateModified":"2026-05-06T08:47:08+00:00","description":"Les pr\u00e9sentes Conditions G\u00e9n\u00e9rales d'utilisation sont soumises au droit fran\u00e7ais. Tout conflit relatif \u00e0 l\u2019utilisation de ce site sera soumis \u00e0 la comp\u00e9tence exclusive des tribunaux de Bordeaux. SAS AXIMOD 42 RUE DE TAUZIA 33800 Bordeaux mail \u00e0 : contact@aximod.fr","breadcrumb":{"@id":"https:\/\/aximod.fr\/index.php\/mentions-legales\/#breadcrumb"},"inLanguage":"fr-FR","potentialAction":[{"@type":"ReadAction","target":["https:\/\/aximod.fr\/index.php\/mentions-legales\/"]}]},{"@type":"ImageObject","inLanguage":"fr-FR","@id":"https:\/\/aximod.fr\/index.php\/mentions-legales\/#primaryimage","url":"https:\/\/aximod.fr\/wp-content\/uploads\/2019\/12\/mentions-legales.jpg","contentUrl":"https:\/\/aximod.fr\/wp-content\/uploads\/2019\/12\/mentions-legales.jpg","width":225,"height":225},{"@type":"BreadcrumbList","@id":"https:\/\/aximod.fr\/index.php\/mentions-legales\/#breadcrumb","itemListElement":[{"@type":"ListItem","position":1,"name":"Accueil","item":"https:\/\/aximod.fr\/"},{"@type":"ListItem","position":2,"name":"Mentions l\u00e9gales"}]},{"@type":"WebSite","@id":"https:\/\/aximod.fr\/#website","url":"https:\/\/aximod.fr\/","name":"AXIMOD.FR","description":"Location Vente Maintenance Solutions Modulaires Gironde","publisher":{"@id":"https:\/\/aximod.fr\/#organization"},"potentialAction":[{"@type":"SearchAction","target":{"@type":"EntryPoint","urlTemplate":"https:\/\/aximod.fr\/?s={search_term_string}"},"query-input":{"@type":"PropertyValueSpecification","valueRequired":true,"valueName":"search_term_string"}}],"inLanguage":"fr-FR"},{"@type":"Organization","@id":"https:\/\/aximod.fr\/#organization","name":"AXIMOD","url":"https:\/\/aximod.fr\/","logo":{"@type":"ImageObject","inLanguage":"fr-FR","@id":"https:\/\/aximod.fr\/#\/schema\/logo\/image\/","url":"https:\/\/aximod.fr\/wp-content\/uploads\/2019\/07\/AXIMOD-2.jpg","contentUrl":"https:\/\/aximod.fr\/wp-content\/uploads\/2019\/07\/AXIMOD-2.jpg","width":716,"height":634,"caption":"AXIMOD"},"image":{"@id":"https:\/\/aximod.fr\/#\/schema\/logo\/image\/"}}]}},"_links":{"self":[{"href":"https:\/\/aximod.fr\/index.php\/wp-json\/wp\/v2\/pages\/3","targetHints":{"allow":["GET"]}}],"collection":[{"href":"https:\/\/aximod.fr\/index.php\/wp-json\/wp\/v2\/pages"}],"about":[{"href":"https:\/\/aximod.fr\/index.php\/wp-json\/wp\/v2\/types\/page"}],"author":[{"embeddable":true,"href":"https:\/\/aximod.fr\/index.php\/wp-json\/wp\/v2\/users\/1"}],"replies":[{"embeddable":true,"href":"https:\/\/aximod.fr\/index.php\/wp-json\/wp\/v2\/comments?post=3"}],"version-history":[{"count":10,"href":"https:\/\/aximod.fr\/index.php\/wp-json\/wp\/v2\/pages\/3\/revisions"}],"predecessor-version":[{"id":1205,"href":"https:\/\/aximod.fr\/index.php\/wp-json\/wp\/v2\/pages\/3\/revisions\/1205"}],"wp:attachment":[{"href":"https:\/\/aximod.fr\/index.php\/wp-json\/wp\/v2\/media?parent=3"}],"curies":[{"name":"wp","href":"https:\/\/api.w.org\/{rel}","templated":true}]}}